est common divisor of 1189 and n?
29
Suppose 2*k - 57 = -5*n + 18, 0 = 5*k. Suppose 7*y - n*y = -64. Calculate the greatest common factor of 20 and y.
4
Suppose -3*b = 2*r - 17 - 22, 0 = -3*b - 14*r + 111. Calculate the highest common factor of 3411 and b.
9
Suppose f - 629 = 2*r + 5966, 3*r = -f + 6615. Calculate the greatest common divisor of f and 93.
93
Suppose j - 1320 = -5*b - 0*j, 5*b = 2*j + 1320. Let o = -132 + b. Suppose 3*a - 36 = -0. What is the greatest common divisor of o and a?
12
Let n be 5/(-10) + (-5)/(-2). Suppose 3*q + 0*f = -n*f + 555, -5*q = 3*f - 926. Suppose 7*r - 4*r = 51. Calculate the greatest common divisor of r and q.
17
Suppose 4*y - 27*l + 30*l - 87 = 0, -3*y + l = -62. What is the greatest common factor of y and 315?
21
Let a = -20 - -27. Suppose a*d + 10 = -4. Let t = 34 - d. Calculate the greatest common divisor of t and 36.
36
Suppose -51*y = -42*y - 4986. Let i = y + -502. Calculate the greatest common factor of 28 and i.
4
Suppose 28052 = 79*y + 4826. Calculate the greatest common divisor of 6027 and y.
147
Let r(p) be the first derivative of -2/3*p**3 + 88*p + 1/2*p**2 + 17 - 1/4*p**4. Let q be r(0). What is the greatest common factor of q and 8?
8
Let m be (-1 - 3/15)*50/(-3). Let b be (-38)/5 + (m/(-25))/2. Let i = 12 + b. Calculate the highest common divisor of i and 44.
4
Suppose -18 = 5*b + 3*w, 0 = 13*w - 17*w - 4. Let j be 6/(-9) + 5/3. Let s be (b/j)/((-5)/15). What is the greatest common divisor of 3 and s?
3
Let s be -1476*-3*13/156. Calculate the greatest common divisor of 45 and s.
9
Suppose -84*h - 864 = 2*o - 86*h, -4*o - 2*h = 1734. Let l be -5 - (-28)/7 - o. Calculate the highest common divisor of 64 and l.
16
Suppose 3*c - 3*h + 36 = 5*c, -56 = -4*c - 2*h. Suppose -c*n + 24 = -6*n. What is the greatest common divisor of n and 4?
4
Suppose 5*a - 26 = 2*a + 2*u, 3*a - u - 25 = 0. Let j = -542 - -456. Let y be 0*2/(-4) - (-2 + j). Calculate the greatest common factor of y and a.
8
Let u be (-9)/(-21) + 335/35. Let a = 291 - 261. Calculate the highest common divisor of a and u.
10
Let n be 4*(-3)/(-6) - 0. Suppose 4*i - 1648 = -s, 4*i + n*s = 3*s + 1648. Let y be (-4 + i/3)*(-12)/(-10). What is the greatest common factor of 32 and y?
32
Suppose 136*u = 17954 - 818. Let r(d) = -10*d - 4. Let s be r(-4). What is the greatest common divisor of u and s?
18
Let v = -385 + 382. Let d(w) = w**3 + 6*w**2 + 5*w - 5. Let g be d(v). Calculate the greatest common divisor of g and 3.
1
Suppose -596*f + 591*f = -1140. Calculate the highest common divisor of f and 120.
12
Suppose 0 = 2*d + a - 13 + 3, 5*a = 0. Let b(w) = 2*w**3 + 7*w**2 - 4*w. Let z be b(d). Let f be z/35 - (-6)/14. Calculate the highest common factor of 2 and f.
2
Suppose -12 = -2*s - 0. Suppose 0 = g - z - 16, -14*g - 128 = -20*g + 2*z. Calculate the greatest common factor of s and g.
6
Let u be (-4)/(-42) + -9*19757/(-4347). What is the greatest common divisor of u and 20418?
41
Let b(f) = 111*f**2 + 31*f + 32. Let t be b(-1). Calculate the highest common divisor of 427 and t.
7
Let x be 5472/1216 + (-67)/(-2). Suppose 0*w = -w + 95. What is the highest common divisor of w and x?
19
Let d = -2253 - -2453. Calculate the highest common factor of d and 11200.
200
Let z(i) = 2*i + 7. Let x be z(-2). Suppose 0 = -2*j + x*j - 4. Suppose -f + u = -2*u - 25, -j*f - 3*u = -115. What is the greatest common divisor of f and 8?
4
Let g = -9 + 11. Suppose s + 11 = g*s + 5*i, i + 17 = s. Calculate the greatest common divisor of s and 368.
16
Let r be -2 - ((4 - 3) + -11). Suppose 0 = r*x - 94 - 186. Suppose 5*o - 105 = f, 3*f - x = -3*o - 2*f. Calculate the highest common divisor of o and 10.
10
Let x = 415 - 405. Suppose 2*l + 574 = 2*h, x*l = 4*h + 5*l - 1146. Calculate the greatest common divisor of h and 17.
17
Let m be 1 + -3 + 1 + 62. Let r = m - 40. Let q = r + 21. What is the greatest common factor of q and 378?
42
Let s = -6820 + 7165. Calculate the greatest common factor of 30 and s.
15
Let n(t) = -9*t**2 - 4*t + 12. Let y be n(-5). Let g = -138 - y. Let j = 13 - 8. What is the greatest common factor of j and g?
5
Suppose 48*y - 2775350 = 46*y - 92*y. Calculate the greatest common divisor of y and 25.
25
Let i be 3*78 - 5/((-60)/(-6))*0. Calculate the highest common factor of 5538 and i.
78
Let q(v) = v**3 + 11*v**2 + 8*v - 13. Let n be q(-10). Suppose 0 = 5*p + n*p - 624. What is the highest common divisor of 4 and p?
4
Let z(a) = -67*a + 970. Let j be z(10). Calculate the greatest common factor of 825 and j.
75
Let a = 14909 + -14799. What is the highest common divisor of 840 and a?
10
Let p = 13955 - 13945. Let y = -88 - -198. Calculate the highest common divisor of p and y.
10
Suppose 0 = -151*c + 2154264 + 609640. Calculate the greatest common divisor of 64 and c.
64
Let w(c) = -146*c + 1751. Let y be w(-13). What is the highest common factor of 164 and y?
41
Suppose -231*j = -508*j + 8310. What is the greatest common divisor of 162 and j?
6
Let i(f) = -15240*f + 365836. Let s be i(24). Let g(t) = 16*t**2 - 5*t + 4. Let u be g(3). Calculate the greatest common divisor of s and u.
19
Let r = 7 - -3. Let i be 0 - (-2)/(2/41). Suppose -5*k = 3*s - i, 3*s = k - s - 22. What is the greatest common factor of k and r?
10
Suppose -22 = -2*d + 5*j, -4*d + 3*d - 4*j - 15 = 0. Let a be (2160/(-4))/(-3 + d). What is the greatest common divisor of a and 10?
10
Let t be 630748/10 + 84/(-980)*-14. Calculate the highest common divisor of t and 26.
26
Let n = -21348 + 21764. Calculate the highest common divisor of n and 7384.
104
Suppose -4*w + 6 + 6 = 0. Let q(v) = v**2 - 8*v. Suppose 3*z + 73 = 100. Let p be q(z). Calculate the greatest common divisor of p and w.
3
Let h = -155 + 487. Suppose -h = -4*s - 4*w, 31*s = 30*s - 4*w + 80. What is the highest common divisor of 294 and s?
42
Suppose 0 = 2*f - s - 36, -5*f - 46*s + 41*s = -45. Suppose -4*r + 0*r = -184. Suppose -z + 14 + r = 0. What is the highest common divisor of z and f?
15
Let m be 6/10*(-4 + -5 + 0)*-5. Let j(l) = l**3 + 72. Let i be j(0). What is the highest common factor of m and i?
9
Suppose -601 = -4*x + 5*l, -298 = -2*x - 3*l + 5*l. Suppose -3*i + 3246 - 3138 = 0. Calculate the greatest common factor of x and i.
36
Let p be 417 - (3 + (5 - (8 + 1))). Let l = p - 400. What is the highest common factor of l and 66?
6
Let w(b) = -12*b**2 + 72*b + 3. Let a be w(6). Let c be 49 - a*(-5)/10*2. What is the greatest common factor of 338 and c?
26
Let y = 1333 + -51. Suppose -5*q + y = 202. Calculate the highest common divisor of 8 and q.
8
Let n = -16502 + 18383. What is the greatest common divisor of 76 and n?
19
Let n be (-3)/5 - (13/26)/(50/(-1460)). Calculate the highest common factor of 1715 and n.
7
Let z(a) be the first derivative of 35*a**3/3 + 5*a**2/2 + 3*a + 73. Let q be z(-1). Calculate the greatest common divisor of 176 and q.
11
Let n = 1084 - -29. Calculate the greatest common divisor of n and 53.
53
Let w = 1009 + -855. Calculate the highest common divisor of 110 and w.
22
Let j be ((-14)/10)/((-2)/10). Let s(o) = o**2 + 258*o + 1314. Let z be s(-5). What is the highest common divisor of z and j?
7
Suppose 0 = -618*o + 600*o + 8118. What is the highest common divisor of 473 and o?
11
Suppose -9*x + 8*x = 0. Suppose -n + 215 - 62 = x. What is the greatest common factor of 17 and n?
17
Let q = 196 - 120. Suppose 4*r + 3*l = 579, 0 = -r - 2*l + 70 + q. Calculate the highest common divisor of r and 108.
36
Let i(z) = -5*z + 7 + 4*z - 4*z + 0*z. Let w be i(-6). Let t = 64 - w. What is the greatest common factor of 9 and t?
9
Let i(c) = 32*c**3 + 2*c**2 - 9*c - 26. Let f be i(-5). Let x = -2236 - f. Calculate the highest common factor of x and 15.
15
Let u(h) = 5*h**3 - 15*h**2 + 5*h + 97. Let t be u(11). Calculate the greatest common factor of 12 and t.
12
Suppose 0 = -71*r - 202*r + 221130. What is the greatest common factor of r and 2610?
90
Suppose q - 47 = -7. Let t be 4 - (3/(-9))/(2/(-30)). Let y be 66/10 + (q/(-25) - t). What is the highest common factor of y and 48?
6
Suppose -32*d - 92851 = -92915. Suppose 0*x + 2*x = 148. Suppose f - 6*f = -4*z - x, 5*f = 3*z + 78. Calculate the greatest common divisor of f and d.
2
Let o be 72*(4 - 5) - -1. Let r = -24 - o. Calculat